 s(l) = 3*l**2 + 10*l - 11. Let m be s(5). What is the greatest common factor of 6 and m?
6
Let l be (-2)/4 - 133/14. Let d = 16 + l. Let h(n) = n**3 - 4*n**2 - n. Let x be h(6). What is the highest common factor of d and x?
6
Suppose 4*r + 4*s - 192 = 0, 154*r = 150*r + s + 207. Calculate the greatest common factor of r and 1938.
51
Let t = 76 + -188. Let l = t + 208. Let h be (-3538)/(-305) + (-2)/(-5). What is the highest common divisor of l and h?
12
Let d = -2 + 11. Suppose -16 = -5*r + 4*p + 29, -4*r - 4*p = 0. Let m = d + r. What is the greatest common factor of 56 and m?
14
Let b = -9 + 14. Suppose b*n - 6 = 24. Suppose 5*h - 58 = -3*u, -u - h + n + 10 = 0. Calculate the greatest common factor of 11 and u.
11
Let z(m) = m**3 - 13*m**2 + 11*m + 22. Let g be z(13). Calculate the highest common divisor of g and 22.
11
Suppose -5*b + 198 = -5*i + 2*i, -4*b + i + 164 = 0. Calculate the greatest common divisor of b and 854.
14
Suppose 6*o - 541 = -145. What is the greatest common divisor of o and 231?
33
Let s(y) = y**3 - 2*y**2. Let b be s(1). Let r = 6 - b. Suppose -5*x + 3*z + 39 = 0, r*z = 2*z + 10. What is the greatest common factor of x and 1?
1
Let y(x) = x - 4. Let r be y(5). Let b(u) = -3*u + 6. Let k be b(-1). Calculate the highest common factor of r and k.
1
Suppose -7*z - 14 = -0*z. Let o(q) = -9*q**3 + 5*q**2 + 5*q - 2. Let s be o(z). Calculate the greatest common factor of 5 and s.
5
Suppose 4*x - 2*k - 2848 = 0, -327*x - 5*k + 3545 = -322*x. Calculate the highest common divisor of 9 and x.
9
Suppose 2*f + 2 = -0. Let c be (f/4)/((-1)/28). Let j(l) = -l**2 + 10*l - 2. Let i be j(c). Calculate the greatest common divisor of 152 and i.
19
Let o(l) = 2*l**3 + 10*l + 3 - 10*l**2 - 15 - 3*l**3. Let w be o(-11). Let d be (-17)/(-5)*(-5)/w. What is the greatest common divisor of d and 17?
17
Suppose 3*r - 208 = -r + 5*i, 3*i = -r + 52. Suppose 3*u - r = -4*b - 0*b, u - 11 = 5*b. What is the highest common factor of u and 128?
16
Suppose 82 + 206 = 6*z. Let l = 10 + -4. Calculate the highest common divisor of l and z.
6
Let q = -314 + -10. Let x be 10/55 + q/(-33). Let m = 9 + 1. What is the highest common factor of m and x?
10
Let i be 4/(-6) + 40/6. Suppose 55 = i*p - p. Suppose 321 = 3*c + 24. Calculate the greatest common factor of c and p.
11
Suppose 22 = 5*q + 4*w, 2*q - 7*q + 5*w = -40. Let n be (2/8)/(10/200). Suppose n*v - 24 = v. Calculate the highest common divisor of v and q.
6
Suppose 4*t - 4 = 0, 75 = 3*j - 3*t - 90. Calculate the greatest common divisor of 238 and j.
14
Let j(q) = -2*q**2 - 20*q + 5. Let g be j(-10). Suppose 2*t + 14 = c, -2*c - 2*c - g*t + 108 = 0. Calculate the greatest common divisor of c and 11.
11
Let c = -6 + 10. Suppose -4*b - 11 = 2*o - 91, -c*b = 3*o - 84. Let g(i) = -5*i + 2. Let d be g(-5). Calculate the highest common factor of b and d.
9
Suppose 3*t - 6*t = -117. Let d(n) = 4*n**2 + 3*n - 6. Let p be d(-4). Suppose r - p = -5*x, x = 4*r + r - 126. Calculate the highest common divisor of r and t.
13
Suppose 0 = -0*x + 4*x - 20. Suppose 0 = -x*b - 3*i + 312 - 51, 3*i = 3*b - 171. What is the greatest common divisor of b and 18?
18
Suppose -6 = 3*y, -y - 47 = -5*m - 0*y. Suppose 0 = -11*t + m*t + 72. Calculate the highest common divisor of t and 9.
9
Suppose -107*f + 82*f + 4225 = 0. Calculate the greatest common factor of f and 91.
13
Suppose 16 + 47 = b. Let a = -8804 + 8813. Calculate the highest common divisor of b and a.
9
Suppose 3*r = 4*r - t - 10, 5*t = -4*r + 31. Suppose -r*b + 28 = -5*b. Let p = b - 6. What is the greatest common factor of p and 7?
1
Let t(z) = -28 - 22*z + 22*z + 20*z. Let g be t(7). Calculate the greatest common divisor of 14 and g.
14
Let h(q) = 27*q - 8. Let w be h(1). Let a(s) = s**3 - 18*s**2 - 17*s - 35. Let c be a(w). What is the greatest common factor of 4 and c?
1
Suppose 16 = 3*z + 3*r + 4, -3*z + 17 = -2*r. What is the greatest common divisor of z and 4?
1
Let o = 2 - -15. Suppose -b = 4*b - 15. Let p be 272*(b - (-20)/(-8)). Calculate the highest common divisor of o and p.
17
Let r(i) = -12*i + 79. Let g be r(-9). Calculate the greatest common divisor of 68 and g.
17
Let s be 1*((3 - (-2)/(-1)) + -69). Let z = -51 - s. What is the greatest common divisor of z and 85?
17
Suppose 7*s = 10*s - 27. Suppose 2*y - s + 3 = 0. Suppose 6 = i - y. Calculate the highest common factor of i and 45.
9
Suppose 5*n - h - 304 = 2*n, n - 3*h = 112. Let a = n + -38. Suppose -a = -3*t + 106. Calculate the highest common divisor of 7 and t.
7
Suppose -5*f = -0*f - 25. Let n = -33 + 34. Suppose -2*u - n = -3*u. Calculate the highest common divisor of f and u.
1
Suppose -288 = -3*p + 5*g - 7*g, -3*g = 9. What is the highest common factor of 245 and p?
49
Let v(t) = 141*t**2 + t. Let k be v(-1). Let f = 2 - 0. Suppose -j - w = -27, f*w + 16 + k = 5*j. What is the highest common divisor of 75 and j?
15
Let d(z) = z**2 + 6. Let m be d(0). Suppose 41*x - 39*x = -4. Let o be (x - 21/(-15))*-5 + 63. What is the greatest common factor of o and m?
6
Let n = -585 + 609. Calculate the highest common divisor of 3 and n.
3
Let d(o) = 4*o**2 - 3*o + 2. Let j be d(1). Suppose 821 = j*z + 212. Calculate the greatest common factor of 29 and z.
29
Suppose 252 = 2*o - 8*o. Let r be (1 - -1)*o/(-4). Let i be (2 + (-48)/20)*-420. What is the highest common divisor of i and r?
21
Let l be (-1)/(4/(-728)) + -3 + 1. What is the greatest common factor of 675 and l?
45
Let s = 146 - 128. What is the highest common divisor of s and 144?
18
Let a = 832 + -412. Calculate the greatest common divisor of a and 300.
60
Let l(w) = -w**3 - 15*w**2 + 25. Let k be l(-15). What is the greatest common divisor of k and 25?
25
Let r(d) = -14*d**3 + d**2 - d. Let i be r(1). Let u be 2*(2 - i/4). Calculate the greatest common divisor of u and 33.
11
Let u be 1/(-1)*-1 - -3. Suppose -u*r = g - 37, g + 0*g = -2*r + 17. What is the greatest common factor of r and 10?
10
Suppose 25634*y = 25611*y + 1012. Let f = 973 + -577. What is the highest common factor of f and y?
44
Let z = 231 + -195. Calculate the greatest common divisor of 702 and z.
18
Suppose 8*y = 12*y + 4. Let r be ((-4)/5)/(y/5). Suppose 0 = 5*b + i + i - 1144, -4*b + 908 = r*i. What is the greatest common factor of b and 23?
23
Suppose -104 + 89 = 3*z. Let j be -102*(56/12 + z). Calculate the greatest common divisor of j and 17.
17
Let d(u) = 21*u - 41. Let x be d(7). Calculate the greatest common factor of x and 53.
53
Let r = 39 + -49. Let n be r*1*(9 - 11). Calculate the highest common factor of 8 and n.
4
Suppose -68*m = 3276 - 9124. What is the greatest common divisor of 8 and m?
2
Suppose -5*y + p + 183 = 0, -46*p = 4*y - 49*p - 153. Calculate the greatest common factor of y and 27.
9
Let x be (15/3 + -2)/((-4)/(-64)). Calculate the greatest common divisor of x and 128.
16
Let k be (5 - 7) + 58/2. Suppose 213 = 5*p - 1002. Calculate the highest common divisor of k and p.
27
Let g = 14 + -6. Suppose -y + g = -0. Suppose -3*z - 300 = -y*z. Calculate the greatest common factor of z and 40.
20
Let d be 434/4 - 1/2. Let v = -75 + d. Suppose -340*z = -323*z - 51. Calculate the highest common factor of v and z.
3
Let u(w) = -w**3 - 14*w**2 - 3*w - 31. Let k be u(-14). Calculate the greatest common factor of 33 and k.
11
Let t = -6 - -7. Let x(p) = 2*p**2. Let n be x(t). Let u be (-34)/(-6) + (-1)/(-3). What is the greatest common divisor of u and n?
2
Let p be 0/(-4) + (-2 + 3)*-31. Let u = p + 39. What is the highest common factor of u and 40?
8
Let m(g) = 9*g**2 + 12*g + 2. Let l be m(-2). Calculate the highest common divisor of l and 18.
2
Suppose -4*g - 13 = -3*l - 1, 0 = -5*l. Let u be 6/(105/(-36) - g). Calculate the greatest common divisor of 9 and u.
9
Let g = -10 - -16. Suppose 4*w - 10 = g. Suppose j + w*n = 12, 6*n - 4 = 2*n. What is the highest common factor of j and 88?
8
Suppose 16*t + 29 = 15*t. Let f = 33 + t. Calculate the greatest common factor of f and 3.
1
Suppose -15*h + 384 = -14*h. What is the highest common factor of h and 24?
24
Suppose 0 = 11*h + 28 - 193. Let f(a) = 14*a + 3. Let q = 9 + -6. Let g be f(q). What is the greatest common factor of h and g?
15
Let l = -108 - -58. Let b = l + 75. Let s = -19 + b. Calculate the greate